{"id":161,"date":"2021-09-02T09:50:14","date_gmt":"2021-09-02T07:50:14","guid":{"rendered":"http:\/\/tcdesabers.fr\/?page_id=161"},"modified":"2023-09-18T17:36:16","modified_gmt":"2023-09-18T15:36:16","slug":"les-cours-tennis-club-abers-lannilis","status":"publish","type":"page","link":"https:\/\/tcdesabers.fr\/index.php\/les-cours-tennis-club-abers-lannilis\/","title":{"rendered":"Les cours au tennis club des abers"},"content":{"rendered":"\n<p>Plusieurs formules sont disponibles de 1h \u00e0 2h de tennis par semaine en fonction des disponibilit\u00e9s de nos entra\u00eeneurs. Les cours de tennis peuvent d\u00e9marrer \u00e0 l&rsquo;\u00e2ge de 5 ans avec du mat\u00e9riel adapt\u00e9 jusqu&rsquo;aux adultes.<\/p>\n\n\n\n<p>Les tarifs sont visibles sur cette <a href=\"https:\/\/tcdesabers.fr\/tarifs\">page<\/a>.<\/p>\n\n\n\n<h1 id=\"coaches\">LES COACHES<\/h1>\n\n\n\n<p class=\"has-text-align-left\">Nos cours sont dispens\u00e9s par nos entra\u00eeneurs certifi\u00e9s Baptiste et Olivier.<\/p>\n\n\n\n<div class=\"wp-block-columns\">\n<div class=\"wp-block-column is-vertically-aligned-center\" style=\"flex-basis:33.33%\">\n<figure class=\"wp-block-image size-thumbnail\"><img loading=\"lazy\" width=\"150\" height=\"150\" src=\"http:\/\/tcdesabers.fr\/wp-content\/uploads\/2021\/09\/baptiste-150x150.jpg\" alt=\"baptiste abaziou, entra\u00eeneur principal du tennis club des abers de lannilis\" class=\"wp-image-317\"\/><\/figure>\n<\/div>\n\n\n\n<div class=\"wp-block-column is-vertically-aligned-center\" style=\"flex-basis:66.66%\">\n<p>Baptiste Abaziou est un entra\u00eeneur de tennis dipl\u00f4m\u00e9 d&rsquo;\u00e9tat. Class\u00e9 15\/1 il bat encore r\u00e9guli\u00e8rement des 4\/6.<\/p>\n<\/div>\n<\/div>\n\n\n\n<div class=\"wp-block-columns\">\n<div class=\"wp-block-column is-vertically-aligned-center\" style=\"flex-basis:66.66%\">\n<p>Olivier M\u00e9linand est dipl\u00f4m\u00e9 CQP Educateur Tennis depuis 2021. Il peut encadrer les s\u00e9ances d&rsquo;initiation au tennis jusqu&rsquo;au premier niveau de classement et sera en charge des 3 cr\u00e9neaux du samedi matin pour les d\u00e9butants.<\/p>\n<\/div>\n\n\n\n<div class=\"wp-block-column is-vertically-aligned-center\" style=\"flex-basis:33.33%\">\n<figure class=\"wp-block-image size-thumbnail\"><img loading=\"lazy\" width=\"150\" height=\"150\" src=\"http:\/\/tcdesabers.fr\/wp-content\/uploads\/2021\/09\/olivier-150x150.jpg\" alt=\"\" class=\"wp-image-335\"\/><\/figure>\n<\/div>\n<\/div>\n\n\n\n<h1 id=\"groups\">LES GROUPES DE COURS 2023-2024<\/h1>\n\n\n\n<pre class=\"wp-block-preformatted\">Mardi 17h \u00e0 18h<\/pre>\n\n\n\n<ul><li>Hyppolyte<\/li><li>Na\u00ebl<\/li><li>Amzawen<\/li><li>Kristen<\/li><\/ul>\n\n\n\n<pre class=\"wp-block-preformatted\">Mardi 18h \u00e0 19h<\/pre>\n\n\n\n<ul><li>Ga\u00e9tane<\/li><li>Virginie<\/li><li>Justine<\/li><\/ul>\n\n\n\n<pre class=\"wp-block-preformatted\">Vendredi 17h \u00e0 18h<\/pre>\n\n\n\n<ul><li>A\u00ebl<\/li><li>Solange<\/li><li>Sacha M.<\/li><li>Alicia<\/li><li>Ang\u00e8le<\/li><li>Enzo<\/li><\/ul>\n\n\n\n<pre class=\"wp-block-preformatted\">Vendredi 18h \u00e0 19h<\/pre>\n\n\n\n<ul><li>Ga\u00ebl<\/li><li>Paol<\/li><li>Milio<\/li><li>Gabin<\/li><li>Gu\u00e9na\u00ebl<\/li><li>Benjamin Le T.<\/li><\/ul>\n\n\n\n<pre class=\"wp-block-preformatted\">Vendredi 19h \u00e0 20h<\/pre>\n\n\n\n<ul><li>Olivier<\/li><li>Yannick<\/li><li>Pierre-Yves<\/li><li>Mathieu<\/li><li>Antoine<\/li><li>Benjamin Y.<\/li><\/ul>\n\n\n\n<pre class=\"wp-block-preformatted\">Vendredi 20h \u00e0 21h<\/pre>\n\n\n\n<ul><li>Jonathan<\/li><li>Johan<\/li><li>Rapha\u00ebl<\/li><li>Fatirome<\/li><li>Olisa<\/li><li>Elouan<\/li><\/ul>\n\n\n\n<pre class=\"wp-block-preformatted\">Samedi 9h \u00e0 10h<\/pre>\n\n\n\n<ul><li>Elouan<\/li><li>Tom<\/li><li>Sacha R.<\/li><li>Antonin<\/li><li>Dylan<\/li><li>Viktor<\/li><\/ul>\n\n\n\n<pre class=\"wp-block-preformatted\">Samedi 10h \u00e0 11h<\/pre>\n\n\n\n<ul><li>Marin<\/li><li>Augustin<\/li><li>Maxence<\/li><li>Nathan<\/li><li>Tytouan<\/li><li>Eliot<\/li><li>Lenzo<\/li><li>Louane<\/li><\/ul>\n\n\n\n<pre class=\"wp-block-preformatted\">Samedi 11h \u00e0 12h<\/pre>\n\n\n\n<ul><li>Emma<\/li><li>Louisa<\/li><li>Leila<\/li><li>Anwenn<\/li><li>Elisa<\/li><\/ul>\n\n\n\n<pre class=\"wp-block-preformatted\">Samedi 13h30 \u00e0 14h30<\/pre>\n\n\n\n<ul><li>Na\u00ebl<\/li><li>Julie<\/li><li>Evariste<\/li><li>Youenn<\/li><li>Gaspard<\/li><li>L\u00e9na\u00efc<\/li><\/ul>\n\n\n\n<pre class=\"wp-block-preformatted\">Samedi 14h30 \u00e0 15h30<\/pre>\n\n\n\n<ul><li>Aline<\/li><li>Nathalie<\/li><li>Edith<\/li><li>Justine<\/li><\/ul>\n\n\n\n<pre class=\"wp-block-preformatted\">Samedi 15h30 \u00e0 16h30<\/pre>\n\n\n\n<ul><li>Johan<\/li><li>Elouan<\/li><li>Chems<\/li><li>Guillaume<\/li><li>Jean-Christophe<\/li><li>Noann<\/li><\/ul>\n\n\n\n<pre class=\"wp-block-preformatted\">Samedi 16h30 \u00e0 17h30<\/pre>\n\n\n\n<ul><li>Chems<\/li><li>Noann<\/li><li>Thomas<\/li><li>Erwan<\/li><li>Damien<\/li><li>S\u00e9bastien<\/li><\/ul>\n","protected":false},"excerpt":{"rendered":"<p>Plusieurs formules sont disponibles de 1h \u00e0 2h de tennis par semaine en fonction des disponibilit\u00e9s de nos entra\u00eeneurs. Les cours de tennis peuvent d\u00e9marrer \u00e0 l&rsquo;\u00e2ge de 5 ans avec du mat\u00e9riel adapt\u00e9 jusqu&rsquo;aux adultes. Les tarifs sont visibles sur cette page. LES COACHES Nos cours sont dispens\u00e9s par nos entra\u00eeneurs certifi\u00e9s Baptiste et [&hellip;]<\/p>\n","protected":false},"author":1,"featured_media":0,"parent":0,"menu_order":0,"comment_status":"closed","ping_status":"closed","template":"","meta":[],"yoast_head":"<!-- This site is optimized with the Yoast SEO plugin v17.2 - https:\/\/yoast.com\/wordpress\/plugins\/seo\/ -->\n<title>Les cours au tennis club des abers - Tennis Club des Abers \u00e0 Lannilis<\/title>\n<meta name=\"robots\" content=\"index, follow, max-snippet:-1, max-image-preview:large, max-video-preview:-1\" \/>\n<link rel=\"canonical\" href=\"https:\/\/tcdesabers.fr\/index.php\/les-cours-tennis-club-abers-lannilis\/\" \/>\n<meta property=\"og:locale\" content=\"fr_FR\" \/>\n<meta property=\"og:type\" content=\"article\" \/>\n<meta property=\"og:title\" content=\"Les cours au tennis club des abers - Tennis Club des Abers \u00e0 Lannilis\" \/>\n<meta property=\"og:description\" content=\"Plusieurs formules sont disponibles de 1h \u00e0 2h de tennis par semaine en fonction des disponibilit\u00e9s de nos entra\u00eeneurs. Les cours de tennis peuvent d\u00e9marrer \u00e0 l&rsquo;\u00e2ge de 5 ans avec du mat\u00e9riel adapt\u00e9 jusqu&rsquo;aux adultes. Les tarifs sont visibles sur cette page. LES COACHES Nos cours sont dispens\u00e9s par nos entra\u00eeneurs certifi\u00e9s Baptiste et [&hellip;]\" \/>\n<meta property=\"og:url\" content=\"https:\/\/tcdesabers.fr\/index.php\/les-cours-tennis-club-abers-lannilis\/\" \/>\n<meta property=\"og:site_name\" content=\"Tennis Club des Abers \u00e0 Lannilis\" \/>\n<meta property=\"article:publisher\" content=\"https:\/\/www.facebook.com\/tcabers.tcabers\" \/>\n<meta property=\"article:modified_time\" content=\"2023-09-18T15:36:16+00:00\" \/>\n<meta property=\"og:image\" content=\"http:\/\/tcdesabers.fr\/wp-content\/uploads\/2021\/09\/baptiste-150x150.jpg\" \/>\n<meta name=\"twitter:card\" content=\"summary_large_image\" \/>\n<meta name=\"twitter:label1\" content=\"Dur\u00e9e de lecture est.\" \/>\n\t<meta name=\"twitter:data1\" content=\"2 minutes\" \/>\n<script type=\"application\/ld+json\" class=\"yoast-schema-graph\">{\"@context\":\"https:\/\/schema.org\",\"@graph\":[{\"@type\":\"Organization\",\"@id\":\"https:\/\/tcdesabers.fr\/#organization\",\"name\":\"tennis club des abers de lannilis\",\"url\":\"https:\/\/tcdesabers.fr\/\",\"sameAs\":[\"https:\/\/www.facebook.com\/tcabers.tcabers\",\"https:\/\/www.instagram.com\/tcdesabers\/\"],\"logo\":{\"@type\":\"ImageObject\",\"@id\":\"https:\/\/tcdesabers.fr\/#logo\",\"inLanguage\":\"fr-FR\",\"url\":\"https:\/\/tcdesabers.fr\/wp-content\/uploads\/2021\/09\/cropped-logo.texte_.grand_.noir_.png\",\"contentUrl\":\"https:\/\/tcdesabers.fr\/wp-content\/uploads\/2021\/09\/cropped-logo.texte_.grand_.noir_.png\",\"width\":2000,\"height\":1000,\"caption\":\"tennis club des abers de lannilis\"},\"image\":{\"@id\":\"https:\/\/tcdesabers.fr\/#logo\"}},{\"@type\":\"WebSite\",\"@id\":\"https:\/\/tcdesabers.fr\/#website\",\"url\":\"https:\/\/tcdesabers.fr\/\",\"name\":\"Tennis Club des Abers \\u00e0 Lannilis\",\"description\":\"\\u00a0\\u00a0\\u00a0\\u00a0\\u00a0\\u00a0\\u00a0\\u00a0\\u00a0\\u00a0Tennis Club des Abers de Lannilis\",\"publisher\":{\"@id\":\"https:\/\/tcdesabers.fr\/#organization\"},\"potentialAction\":[{\"@type\":\"SearchAction\",\"target\":{\"@type\":\"EntryPoint\",\"urlTemplate\":\"https:\/\/tcdesabers.fr\/?s={search_term_string}\"},\"query-input\":\"required name=search_term_string\"}],\"inLanguage\":\"fr-FR\"},{\"@type\":\"ImageObject\",\"@id\":\"https:\/\/tcdesabers.fr\/index.php\/les-cours-tennis-club-abers-lannilis\/#primaryimage\",\"inLanguage\":\"fr-FR\",\"url\":\"http:\/\/tcdesabers.fr\/wp-content\/uploads\/2021\/09\/baptiste-150x150.jpg\",\"contentUrl\":\"http:\/\/tcdesabers.fr\/wp-content\/uploads\/2021\/09\/baptiste-150x150.jpg\"},{\"@type\":\"WebPage\",\"@id\":\"https:\/\/tcdesabers.fr\/index.php\/les-cours-tennis-club-abers-lannilis\/#webpage\",\"url\":\"https:\/\/tcdesabers.fr\/index.php\/les-cours-tennis-club-abers-lannilis\/\",\"name\":\"Les cours au tennis club des abers - Tennis Club des Abers \\u00e0 Lannilis\",\"isPartOf\":{\"@id\":\"https:\/\/tcdesabers.fr\/#website\"},\"primaryImageOfPage\":{\"@id\":\"https:\/\/tcdesabers.fr\/index.php\/les-cours-tennis-club-abers-lannilis\/#primaryimage\"},\"datePublished\":\"2021-09-02T07:50:14+00:00\",\"dateModified\":\"2023-09-18T15:36:16+00:00\",\"breadcrumb\":{\"@id\":\"https:\/\/tcdesabers.fr\/index.php\/les-cours-tennis-club-abers-lannilis\/#breadcrumb\"},\"inLanguage\":\"fr-FR\",\"potentialAction\":[{\"@type\":\"ReadAction\",\"target\":[\"https:\/\/tcdesabers.fr\/index.php\/les-cours-tennis-club-abers-lannilis\/\"]}]},{\"@type\":\"BreadcrumbList\",\"@id\":\"https:\/\/tcdesabers.fr\/index.php\/les-cours-tennis-club-abers-lannilis\/#breadcrumb\",\"itemListElement\":[{\"@type\":\"ListItem\",\"position\":1,\"name\":\"Accueil\",\"item\":\"https:\/\/tcdesabers.fr\/\"},{\"@type\":\"ListItem\",\"position\":2,\"name\":\"Les cours au tennis club des abers\"}]}]}<\/script>\n<!-- \/ Yoast SEO plugin. -->","yoast_head_json":{"title":"Les cours au tennis club des abers - Tennis Club des Abers \u00e0 Lannilis","robots":{"index":"index","follow":"follow","max-snippet":"max-snippet:-1","max-image-preview":"max-image-preview:large","max-video-preview":"max-video-preview:-1"},"canonical":"https:\/\/tcdesabers.fr\/index.php\/les-cours-tennis-club-abers-lannilis\/","og_locale":"fr_FR","og_type":"article","og_title":"Les cours au tennis club des abers - Tennis Club des Abers \u00e0 Lannilis","og_description":"Plusieurs formules sont disponibles de 1h \u00e0 2h de tennis par semaine en fonction des disponibilit\u00e9s de nos entra\u00eeneurs. Les cours de tennis peuvent d\u00e9marrer \u00e0 l&rsquo;\u00e2ge de 5 ans avec du mat\u00e9riel adapt\u00e9 jusqu&rsquo;aux adultes. Les tarifs sont visibles sur cette page. LES COACHES Nos cours sont dispens\u00e9s par nos entra\u00eeneurs certifi\u00e9s Baptiste et [&hellip;]","og_url":"https:\/\/tcdesabers.fr\/index.php\/les-cours-tennis-club-abers-lannilis\/","og_site_name":"Tennis Club des Abers \u00e0 Lannilis","article_publisher":"https:\/\/www.facebook.com\/tcabers.tcabers","article_modified_time":"2023-09-18T15:36:16+00:00","og_image":[{"url":"http:\/\/tcdesabers.fr\/wp-content\/uploads\/2021\/09\/baptiste-150x150.jpg"}],"twitter_card":"summary_large_image","twitter_misc":{"Dur\u00e9e de lecture est.":"2 minutes"},"schema":{"@context":"https:\/\/schema.org","@graph":[{"@type":"Organization","@id":"https:\/\/tcdesabers.fr\/#organization","name":"tennis club des abers de lannilis","url":"https:\/\/tcdesabers.fr\/","sameAs":["https:\/\/www.facebook.com\/tcabers.tcabers","https:\/\/www.instagram.com\/tcdesabers\/"],"logo":{"@type":"ImageObject","@id":"https:\/\/tcdesabers.fr\/#logo","inLanguage":"fr-FR","url":"https:\/\/tcdesabers.fr\/wp-content\/uploads\/2021\/09\/cropped-logo.texte_.grand_.noir_.png","contentUrl":"https:\/\/tcdesabers.fr\/wp-content\/uploads\/2021\/09\/cropped-logo.texte_.grand_.noir_.png","width":2000,"height":1000,"caption":"tennis club des abers de lannilis"},"image":{"@id":"https:\/\/tcdesabers.fr\/#logo"}},{"@type":"WebSite","@id":"https:\/\/tcdesabers.fr\/#website","url":"https:\/\/tcdesabers.fr\/","name":"Tennis Club des Abers \u00e0 Lannilis","description":"\u00a0\u00a0\u00a0\u00a0\u00a0\u00a0\u00a0\u00a0\u00a0\u00a0Tennis Club des Abers de Lannilis","publisher":{"@id":"https:\/\/tcdesabers.fr\/#organization"},"potentialAction":[{"@type":"SearchAction","target":{"@type":"EntryPoint","urlTemplate":"https:\/\/tcdesabers.fr\/?s={search_term_string}"},"query-input":"required name=search_term_string"}],"inLanguage":"fr-FR"},{"@type":"ImageObject","@id":"https:\/\/tcdesabers.fr\/index.php\/les-cours-tennis-club-abers-lannilis\/#primaryimage","inLanguage":"fr-FR","url":"http:\/\/tcdesabers.fr\/wp-content\/uploads\/2021\/09\/baptiste-150x150.jpg","contentUrl":"http:\/\/tcdesabers.fr\/wp-content\/uploads\/2021\/09\/baptiste-150x150.jpg"},{"@type":"WebPage","@id":"https:\/\/tcdesabers.fr\/index.php\/les-cours-tennis-club-abers-lannilis\/#webpage","url":"https:\/\/tcdesabers.fr\/index.php\/les-cours-tennis-club-abers-lannilis\/","name":"Les cours au tennis club des abers - Tennis Club des Abers \u00e0 Lannilis","isPartOf":{"@id":"https:\/\/tcdesabers.fr\/#website"},"primaryImageOfPage":{"@id":"https:\/\/tcdesabers.fr\/index.php\/les-cours-tennis-club-abers-lannilis\/#primaryimage"},"datePublished":"2021-09-02T07:50:14+00:00","dateModified":"2023-09-18T15:36:16+00:00","breadcrumb":{"@id":"https:\/\/tcdesabers.fr\/index.php\/les-cours-tennis-club-abers-lannilis\/#breadcrumb"},"inLanguage":"fr-FR","potentialAction":[{"@type":"ReadAction","target":["https:\/\/tcdesabers.fr\/index.php\/les-cours-tennis-club-abers-lannilis\/"]}]},{"@type":"BreadcrumbList","@id":"https:\/\/tcdesabers.fr\/index.php\/les-cours-tennis-club-abers-lannilis\/#breadcrumb","itemListElement":[{"@type":"ListItem","position":1,"name":"Accueil","item":"https:\/\/tcdesabers.fr\/"},{"@type":"ListItem","position":2,"name":"Les cours au tennis club des abers"}]}]}},"_links":{"self":[{"href":"https:\/\/tcdesabers.fr\/index.php\/wp-json\/wp\/v2\/pages\/161"}],"collection":[{"href":"https:\/\/tcdesabers.fr\/index.php\/wp-json\/wp\/v2\/pages"}],"about":[{"href":"https:\/\/tcdesabers.fr\/index.php\/wp-json\/wp\/v2\/types\/page"}],"author":[{"embeddable":true,"href":"https:\/\/tcdesabers.fr\/index.php\/wp-json\/wp\/v2\/users\/1"}],"replies":[{"embeddable":true,"href":"https:\/\/tcdesabers.fr\/index.php\/wp-json\/wp\/v2\/comments?post=161"}],"version-history":[{"count":22,"href":"https:\/\/tcdesabers.fr\/index.php\/wp-json\/wp\/v2\/pages\/161\/revisions"}],"predecessor-version":[{"id":663,"href":"https:\/\/tcdesabers.fr\/index.php\/wp-json\/wp\/v2\/pages\/161\/revisions\/663"}],"wp:attachment":[{"href":"https:\/\/tcdesabers.fr\/index.php\/wp-json\/wp\/v2\/media?parent=161"}],"curies":[{"name":"wp","href":"https:\/\/api.w.org\/{rel}","templated":true}]}}